 - (-8 + (6 - -4) - (-59 + 74))?
6
What is -190 + 196 + 1 + 24?
31
(-1 - (-1 - -2) - -17) + -11319 + 11264
-40
135 - 0 - (6 + (31 - 41) - -5 - -15)
119
What is 1 - 15 - 0 - (13 + (-3 - 50))?
26
Calculate 117 + -150 + 19 + -16 + -60.
-90
What is -27 + (-17 - -27) + 38 + 21?
42
What is the value of -6 - 4 - (-1 - (6 + 8) - (-9 + -3))?
-7
What is the value of (31 - 95) + 442 + -334?
44
What is (9 - -35) + 12 + (1 - -2) + (-10 - -3)?
52
Evaluate (34 + -5 + -10 - (-2 - -12)) + -41 + 4.
-28
Calculate (-61 - 1) + (-90 - -141).
-11
Calculate (28 + -13 - -47) + -23.
39
What is the value of -16 + 18 + -11 + 18 + (-3 - -59)?
65
What is 88 - (-51 - -36) - 42?
61
Calculate 124 - (308 - 60 - 24).
-100
(-119 - -73) + 14 - (-2 - -28)
-58
(-11 - ((-15 + -24 - -15) + 16) - 62) + -16
-81
What is (10 - -1) + (0 - -2) + 10 + (-123 - -48)?
-52
Calculate -1 + -19 + 12 - (-1 + 30 + -4 - -2).
-35
Evaluate -22 - ((-2 - (11 - 6)) + 5 - 41).
21
Evaluate 30 + (-2 + 6 - 7 - 9).
18
Evaluate (0 - 5) + 49 + (-35 - -24).
33
Evaluate 1 - (84 + -40) - (5 + -2 - 3).
-43
-41 - (-46 + 41 + (-41 - 4))
9
-88 + 61 + 10 + 28
11
Evaluate 24 - (25 - ((-6 - -29) + 23)).
45
What is -5 - 6 - -3 - (-1 - -6)?
-13
(85 - 73) + (-59 - -19)
-28
What is the value of (-16 - -16) + -2 - -37?
35
What is the value of 64 + -36 + (5 - 77)?
-44
Evaluate 0 - -7 - (2 + 18 + (-8 - -38) + -103).
60
What is (23 - 47) + 32 + 4?
12
Evaluate 7 + -16 + -4 - (-42 - -30) - -74.
73
What is -171 + 243 + -13 + 1 + -1 + 3 + 8?
70
What is 9 + (-14 - -14 - (4 - (0 + 14)))?
19
What is the value of -60 + (2 - -1) - (-66 + 44 - -25)?
-60
Evaluate 7 - -13 - 12 - (-52 + (-1 - (4 + -3))).
62
Evaluate -3 - (1 + 0) - (-4 + (-35 + 130 - 161)).
66
What is (-37 - -6) + 58 + -80?
-53
What is the value of (-197 - -62) + 191 - (5 - 1)?
52
Evaluate 1 + (-14 + 28 - 14) + (2 + 4 - 18).
-11
Evaluate (29 + 80 - 37) + -41.
31
Evaluate (-10 - -46) + -5 + 31 + (-1 - 5).
56
10 + -3 + (0 - -1 - -8) - (85 - -1)
-70
What is 35 + 1 + 2 + -375 + 340?
3
What is the value of 82 + 7 + -35 + -2?
52
What is (-8 - 3) + 8 + 254 + -214?
37
Evaluate (30 - 83) + 169 + -76.
40
Calculate 39 + (-69 - -14) - (3 + -24).
5
Calculate 14 - -3 - (15 + (-16 - -16) + -27).
29
What is the value of -96 + (43 - 42) + -4 - -16?
-83
Calculate -15 + -6 + (-9 + 13 - -44) + (-15 - -7).
19
What is -10 + 204 + (-45 - -1)?
150
725 + -724 - (45 - (3 - 5))
-46
Calculate -1113 + 1001 - (-68 - -2).
-46
Calculate 22 + (16 - 74) + 2 + (-1 - 3).
-38
Evaluate (-18 + (-5 - (-3 - 10)) - 1 - 13) + 2.
-22
-5 + (22 - -5) + (31 + -32 - 9)
12
Calculate 48 - (73 + -55 - 34).
64
Evaluate 0 - -9 - (22 + -6 + -23 + (4 - -97)).
-85
What is 26 - (-22 - -20 - -8) - 3?
17
(69 - 142 - -96) + -9
14
What is 180 + -217 - (3 - 129)?
89
Evaluate -88 + (-36 - (9 - 50)).
-83
Evaluate -20 - (126 + -135 - (-19 + 0)).
-30
Evaluate (-7 + 7 + 9 - (-2 + 0)) + -3 + 13.
21
What is (9 - (-8 + 18)) + (101 - 107 - (-14 - 1))?
8
What is (174 - 113 - 11) + 0 + 2 + 6?
58
Evaluate (-75 + (-5 + 4 - -7) - (-77 - -83)) + 0.
-75
1 + (0 + -1 - ((10 - -5) + -22))
7
Evaluate 15 + (-16 + -9 - -4) + (-3 - (3 - -88)).
-100
What is the value of 535 - 527 - (-2 - ((1 - 15) + 0 - 0))?
-4
What is the value of (1 - -14) + (-29 - (-15 - (20 - -18)))?
39
Calculate 36 + -1 + 0 + (-1 - -11) + -11 + 4.
38
48 - (-70 - 7 - -172)
-47
-95 + 165 + -120 - 29
-79
10 - (-39 + 7) - (-2 + -4 - -15)
33
What is the value of 0 + 3 + (-16 - -3) + (-5 - 16 - -26)?
-5
Calculate (-9 - 2) + -11 + -34 + 43.
-13
What is (6 - (18 - 7)) + 19 + -58?
-44
Evaluate (2 - (23 - 24)) + (3 + -3 - (-2 + -2)).
7
Evaluate -1814 + 1836 + -14 + -2 + 0.
6
Calculate (-429 - -865) + -451 - (2 - 1 - 2).
-14
What is the value of 1 + (-13 - (-37 - (-30 - -2))) + (59 - 2)?
54
0 + 17 + -5 - (-122 + (3 - 4) + 3)
132
Calculate -23 + -6 - (-46 + 11) - (62 - -3).
-59
6 + -6 + -78 + -4 - (15 + (-6 - 20))
-71
-3 + 8 + (-38 - (-85 + -15))
67
What is 23 + (-59 - -14) + 44 + 0 + (0 - -1)?
23
Calculate (-205 - -231) + (-3 - 2) + -10 + 2 + -20.
-7
What is (6 - (9 - 8)) + 7 + 0 + 3?
15
Evaluate 9 + (-1 - -10) + -5 + -2 + (2 - 12).
1
Calculate (-4 - -50) + (-12 - 21 - -20).
33
Evaluate -1 + -39 + 3362 + -3338.
-16
Evaluate -31 - (-7 + -37 - -7).
6
Calculate 1 + 12 - ((1617 - 1649) + (-1 - -4)).
42
What is -23 - -5 - -16 - 10 - (-2 - -1)?
-11
What is -14 + (158 - (14 - -15)) - 5?
110
Evaluate -9 - ((8 - 3 - 8) + (-11 - -11) + -16).
10
Evaluate 56 + -134 + (12 - -9).
-57
Calculate -60 + (-5 - -17 - (-1 + 4)).
-51
What is 55 + -12 + (-49 - 34)?
-40
Calculate (-1 - (-10 - -20) - (17 + -31)) + -11.
-8
(-65 - -22) + 3 - (-165 + 211)
-86
What is 79 - 94 - ((9 - 4) + -57)?
37
Evaluate 32 + -14 - (-53 + 7 + 1).
63
What is the value of 0 - -13 - (-7 + 1 + (214 - 206)) - 2?
9
Calculate 5 + 16 + -3 + -16 - 16 - (1 + 9).
-24
Calculate -28 + -3 - (-5 - -7) - 9 - (1 - 6).
-37
Evaluate -88 + -104 + (-53 - -171).
-74
Calculate -41 + 15 + -4 + 7 + 3.
-20
Calculate -74 + (37 - (-151 + 92)).
22
Calculate -3 - (-2 - (0 + -5 - -8)) - (989 - 871).
-116
What is the value of 3 + (-70 - -37) + 26?
-4
What is the value of (-45 - -3) + (274 - 212)?
20
What is the value of 5 + 3 - (19 + -7 + (11 - 6)) - -37?
28
What is the value of 0 + (-11 - (-5 - 4)) + -5 + -3 - 50?
-60
What is (23 - 51) + 62 + (-5 - -2)?
31
Evaluate 5 - (-6 + (-30 - (5 - -13))).
59
Evaluate 409 - 440 - (-12 - (-1 - -1 - 3)).
-22
Calculate 34 + -17 + (-70 - -45) + 11 + 1 - 91.
-87
What is 1 + 1 - (-23 - 1) - (55 + (-167 - -125))?
13
(-4 - (-15 + 3)) + -10 + -14
-16
-7 + -24 - (85 + -32) - -15
-69
-44 - 5 - (0 - (1 + -8 + 17 + -3))
-42
What is the value of 9 - (0 - ((46 - -5) + -5) - 4)?
59
What is the value of -9 - (21 - (-9 + 32)) - 120 - -13?
-114
130 + -13 - 7 - (12 - (-2 - (4 - 13)))
105
-32 + (-2 - 4) - (-755 + 765)
-48
(17 - 29 - 8) + (-34 - -93)
39
Calculate 17 + 4 + (2 - 14 - (23 + -81)).
67
Calculate (-28 - (9 - 7) - 7) + (-8 - -8).
-37
Calculate 50 + (49 + -114 - -48).
33
-5 - 19 - (1 + (2 + 5 + -6 - 1))
-25
Evaluate (3 - (1 + 7)) + (-2 - -62) - (101 - 100).
54
Calculate 0 + -39 - (-135 - (7 - 118)).
-15
What is (75 - 70) + 5 + -1 + 8?
17
Evaluate (-2 - (-5 + 50)) + (23 + 2 - 13).
-35
What is the value of -2 + 18 + 5 + -34?
-13
Calculate -15 - (6 - (-15 + 8) - 20).
-8
5 + -29 + 28 + -4 + -5 + 4 + 66
65
Calculate 96 + -169 - (0 + -49).
-24
What is 9 + 1 + 32 + (-14 - 38) + 24?
14
Calculate 614 + -708 - (-2 + -139).
47
What is the value of (-70 + 46 - -63) + (15 - 112)?
-58
Evaluate (-24 - -52) + -31 + 19 + 0.
16
Evaluate 26 + 13 - (-52 + 127).
-36
(3 - 40 - (-11 - 87)) + (-5 - (-1 + 3))
54
What is the value of 16 - (-11 + 15 + -12 + 48)?
-24
What is -19 + 2 + -25 + -4 - (-7 + 3)?
-42
Evaluate 137 + -28 + (-513 - -522).
118
What is 22 - (-1 - -5 - -16)?
2
(17 - 0 - (-21 + -15 + 34 + 17)) + 105
107
Evaluate 2 - (-29 + 2 + 19 + 76).
-66
Evaluate 3 + (0 - (-1 + 9)) - (16 - 62).
41
Evaluate -24 + 36 + -5 - 2 - -52.
57
What is 0 + -5 + -62 + (19 - (9 + (-16 - -38)))?
-79
Calculate 73 - (3 - (-21 + 3 - 8)).
44
Evaluate (-25 + 14 - -23) + -18 + 14.
8
Evaluate (-72 - -1) + (1 - -1) + (-50 - (-51 + 5)).
-73
Evaluate -117 + (31 - -58) + -21.
-49
What is the value of -7 + 5 + -3 + 5 + (767 - 787)?
-20
(42 - 56) + 7 - (0 + 3 + 1 + -11)
0
What is 1 - 1 - 10 - (41 + (52 - 88))?
-15
Calculate (264 - 269) + (-4 - (-6 - -3 - -5)) - -12.
1
56 + (-25 - 49 - -34)
16
Calculate (-1 - -21) + (-96 - -115).
39
50 - (-15 - (-19 - -3) - 7) - 6
50
What is -28 - (-2 + 22 + (-4 - 8) + 3)?
-39
Calculate 99 + 62 + -34 + -72.
55
Calculate -26 - (-121 + 90) - (-4 - -7 - 61).
63
What is -2 + -15 - -22 - (24 + (-1 - -3) + 4)?
-25
90 - -5 - ((15 - 0 - 6) + -13 + 2)
97
Calculate -4 - 1 - 9 - (-45 - -58).
-27
Calculate -5 - ((9 - (15 + (0 - 10))) + 7 + 5).
-21
Evaluate 55 + 10 + -116 + 55.
4
Evaluate -49 - -1 - (5585 + -5614).
-19
What is the value of -370 + 374 - (111 + -4 + 7 - -3)?
-113
Calculate 3 + (11 - (6 - 17 - (4 - (46 - -1)))).
-18
Evaluate -68 + 50 + 0 + 6 + 5 + -29.
-36
248 + -100 + (-86 - 24)
38
-13 - ((0 - 0) + 12 + 90 + -9 + 12)
-118
What is (-6 - (-22 - (-16 + 37 - 34))) + -101?
-98
Calculate (-106 - -185) + -64 - (-4 - 72).
91
(-1 - 3) + 0 + -62 + (1 - -47 - 34)
-52
What is 7387 - 7360 - (-103 - -4 - 1)?
127
What is the value of (5 - 3) + (9 + 12 - 55) + -6?
-38
-10 +